{"id":3298,"date":"2026-02-28T14:33:27","date_gmt":"2026-02-28T13:33:27","guid":{"rendered":"https:\/\/winemission.hu\/?page_id=3298"},"modified":"2026-04-18T12:48:44","modified_gmt":"2026-04-18T11:48:44","slug":"hirek","status":"publish","type":"page","link":"https:\/\/winemission.hu\/?page_id=3298","title":{"rendered":"H\u00edrek"},"content":{"rendered":"\t\t<div data-elementor-type=\"wp-page\" data-elementor-id=\"3298\" class=\"elementor elementor-3298\" data-elementor-post-type=\"page\">\n\t\t\t\t\t\t<section class=\"elementor-section elementor-top-section elementor-element elementor-element-758ec151 elementor-section-boxed elementor-section-height-default elementor-section-height-default\" data-id=\"758ec151\" data-element_type=\"section\" data-e-type=\"section\">\n\t\t\t\t\t\t<div class=\"elementor-container elementor-column-gap-no\">\n\t\t\t\t\t<div class=\"elementor-column elementor-col-100 elementor-top-column elementor-element elementor-element-1d41cd4a\" data-id=\"1d41cd4a\" data-element_type=\"column\" data-e-type=\"column\">\n\t\t\t<div class=\"elementor-widget-wrap elementor-element-populated\">\n\t\t\t\t\t\t<div class=\"elementor-element elementor-element-582e5e9e elementor-invisible elementor-widget elementor-widget-heading\" data-id=\"582e5e9e\" data-element_type=\"widget\" data-e-type=\"widget\" data-settings=\"{&quot;_animation&quot;:&quot;bounceInLeft&quot;,&quot;_animation_delay&quot;:300}\" data-widget_type=\"heading.default\">\n\t\t\t\t\t\t\t<h1 class=\"elementor-heading-title elementor-size-default\">Esem\u00e9nyeink\/h\u00edreink<\/h1>\t\t\t\t<\/div>\n\t\t\t\t<div class=\"elementor-element elementor-element-3a8cf783 elementor-grid-4 elementor-grid-tablet-2 elementor-grid-mobile-1 elementor-posts--thumbnail-top elementor-posts__hover-gradient elementor-widget elementor-widget-posts\" data-id=\"3a8cf783\" data-element_type=\"widget\" data-e-type=\"widget\" data-settings=\"{&quot;cards_row_gap&quot;:{&quot;unit&quot;:&quot;px&quot;,&quot;size&quot;:30,&quot;sizes&quot;:[]},&quot;pagination_type&quot;:&quot;numbers_and_prev_next&quot;,&quot;cards_columns&quot;:&quot;4&quot;,&quot;cards_columns_tablet&quot;:&quot;2&quot;,&quot;cards_columns_mobile&quot;:&quot;1&quot;,&quot;cards_row_gap_tablet&quot;:{&quot;unit&quot;:&quot;px&quot;,&quot;size&quot;:&quot;&quot;,&quot;sizes&quot;:[]},&quot;cards_row_gap_mobile&quot;:{&quot;unit&quot;:&quot;px&quot;,&quot;size&quot;:&quot;&quot;,&quot;sizes&quot;:[]}}\" data-widget_type=\"posts.cards\">\n\t\t\t\t\t\t<div class=\"elementor-widget-container\">\n\t\t\t\t\t\t\t<div class=\"elementor-posts-container elementor-posts elementor-posts--skin-cards elementor-grid\" role=\"list\">\n\t\t\t\t<article class=\"elementor-post elementor-grid-item post-4185 post type-post status-publish format-standard has-post-thumbnail hentry category-hirek tag-web\" role=\"listitem\">\n\t\t\t<div class=\"elementor-post__card\">\n\t\t\t\t<a class=\"elementor-post__thumbnail__link\" href=\"https:\/\/winemission.hu\/?p=4185\" tabindex=\"-1\" target=\"_blank\"><div class=\"elementor-post__thumbnail\"><img fetchpriority=\"high\" decoding=\"async\" width=\"1200\" height=\"800\" src=\"https:\/\/winemission.hu\/wp-content\/uploads\/2026\/03\/news-shop.jpg\" class=\"attachment-full size-full wp-image-4186\" alt=\"\" srcset=\"https:\/\/winemission.hu\/wp-content\/uploads\/2026\/03\/news-shop.jpg 1200w, https:\/\/winemission.hu\/wp-content\/uploads\/2026\/03\/news-shop-300x200.jpg 300w, https:\/\/winemission.hu\/wp-content\/uploads\/2026\/03\/news-shop-1024x683.jpg 1024w, https:\/\/winemission.hu\/wp-content\/uploads\/2026\/03\/news-shop-768x512.jpg 768w, https:\/\/winemission.hu\/wp-content\/uploads\/2026\/03\/news-shop-200x133.jpg 200w, https:\/\/winemission.hu\/wp-content\/uploads\/2026\/03\/news-shop-600x400.jpg 600w\" sizes=\"(max-width: 1200px) 100vw, 1200px\" \/><\/div><\/a>\n\t\t\t\t<div class=\"elementor-post__badge\">H\u00edrek<\/div>\n\t\t\t\t<div class=\"elementor-post__text\">\n\t\t\t\t<h3 class=\"elementor-post__title\">\n\t\t\t<a href=\"https:\/\/winemission.hu\/?p=4185\" target=&quot;_blank&quot;>\n\t\t\t\tMostant\u00f3l a weboldalunkr\u00f3l is rendelhet\u0151k term\u00e9keink!\t\t\t<\/a>\n\t\t<\/h3>\n\t\t\t\t<div class=\"elementor-post__excerpt\">\n\t\t\t<p>\u00d6r\u00f6mmel mutatjuk be \u00faj webshopunkat, ahol gyorsan \u00e9s egyszer\u0171en rendelhetsz<\/p>\n\t\t<\/div>\n\t\t\n\t\t<a class=\"elementor-post__read-more\" href=\"https:\/\/winemission.hu\/?p=4185\" aria-label=\"Read more about Mostant\u00f3l a weboldalunkr\u00f3l is rendelhet\u0151k term\u00e9keink!\" tabindex=\"-1\" target=\"_blank\">\n\t\t\tTov\u00e1bb\t\t<\/a>\n\n\t\t\t\t<\/div>\n\t\t\t\t\t<\/div>\n\t\t<\/article>\n\t\t\t\t<article class=\"elementor-post elementor-grid-item post-4197 post type-post status-publish format-standard has-post-thumbnail hentry category-hirek tag-web2\" role=\"listitem\">\n\t\t\t<div class=\"elementor-post__card\">\n\t\t\t\t<a class=\"elementor-post__thumbnail__link\" href=\"https:\/\/winemission.hu\/?p=4197\" tabindex=\"-1\" target=\"_blank\"><div class=\"elementor-post__thumbnail\"><img decoding=\"async\" width=\"1080\" height=\"675\" src=\"https:\/\/winemission.hu\/wp-content\/uploads\/2026\/03\/beach-1867271_1920_800x800-1080x675-1.jpg\" class=\"attachment-full size-full wp-image-4198\" alt=\"\" srcset=\"https:\/\/winemission.hu\/wp-content\/uploads\/2026\/03\/beach-1867271_1920_800x800-1080x675-1.jpg 1080w, https:\/\/winemission.hu\/wp-content\/uploads\/2026\/03\/beach-1867271_1920_800x800-1080x675-1-300x188.jpg 300w, https:\/\/winemission.hu\/wp-content\/uploads\/2026\/03\/beach-1867271_1920_800x800-1080x675-1-1024x640.jpg 1024w, https:\/\/winemission.hu\/wp-content\/uploads\/2026\/03\/beach-1867271_1920_800x800-1080x675-1-768x480.jpg 768w, https:\/\/winemission.hu\/wp-content\/uploads\/2026\/03\/beach-1867271_1920_800x800-1080x675-1-200x125.jpg 200w, https:\/\/winemission.hu\/wp-content\/uploads\/2026\/03\/beach-1867271_1920_800x800-1080x675-1-600x375.jpg 600w\" sizes=\"(max-width: 1080px) 100vw, 1080px\" \/><\/div><\/a>\n\t\t\t\t<div class=\"elementor-post__badge\">H\u00edrek<\/div>\n\t\t\t\t<div class=\"elementor-post__text\">\n\t\t\t\t<h3 class=\"elementor-post__title\">\n\t\t\t<a href=\"https:\/\/winemission.hu\/?p=4197\" target=&quot;_blank&quot;>\n\t\t\t\tAz Il Colle Treviso DOC bubi\t\t\t<\/a>\n\t\t<\/h3>\n\t\t\t\t<div class=\"elementor-post__excerpt\">\n\t\t\t<p>Sokszor k\u00e9rdezik mi is az&nbsp;Il Colle Prosecco..nos hagyjuk, hogy bemutatkozzon!<\/p>\n\t\t<\/div>\n\t\t\n\t\t<a class=\"elementor-post__read-more\" href=\"https:\/\/winemission.hu\/?p=4197\" aria-label=\"Read more about Az Il Colle Treviso DOC bubi\" tabindex=\"-1\" target=\"_blank\">\n\t\t\tTov\u00e1bb\t\t<\/a>\n\n\t\t\t\t<\/div>\n\t\t\t\t\t<\/div>\n\t\t<\/article>\n\t\t\t\t<article class=\"elementor-post elementor-grid-item post-4203 post type-post status-publish format-standard has-post-thumbnail hentry category-hirek tag-web3\" role=\"listitem\">\n\t\t\t<div class=\"elementor-post__card\">\n\t\t\t\t<a class=\"elementor-post__thumbnail__link\" href=\"https:\/\/winemission.hu\/?p=4203\" tabindex=\"-1\" target=\"_blank\"><div class=\"elementor-post__thumbnail\"><img decoding=\"async\" width=\"2048\" height=\"1645\" src=\"https:\/\/winemission.hu\/wp-content\/uploads\/2026\/03\/news-pic1.jpg\" class=\"attachment-full size-full wp-image-4204\" alt=\"\" srcset=\"https:\/\/winemission.hu\/wp-content\/uploads\/2026\/03\/news-pic1.jpg 2048w, https:\/\/winemission.hu\/wp-content\/uploads\/2026\/03\/news-pic1-300x241.jpg 300w, https:\/\/winemission.hu\/wp-content\/uploads\/2026\/03\/news-pic1-1024x823.jpg 1024w, https:\/\/winemission.hu\/wp-content\/uploads\/2026\/03\/news-pic1-768x617.jpg 768w, https:\/\/winemission.hu\/wp-content\/uploads\/2026\/03\/news-pic1-1536x1234.jpg 1536w, https:\/\/winemission.hu\/wp-content\/uploads\/2026\/03\/news-pic1-200x161.jpg 200w, https:\/\/winemission.hu\/wp-content\/uploads\/2026\/03\/news-pic1-600x482.jpg 600w\" sizes=\"(max-width: 2048px) 100vw, 2048px\" \/><\/div><\/a>\n\t\t\t\t<div class=\"elementor-post__badge\">H\u00edrek<\/div>\n\t\t\t\t<div class=\"elementor-post__text\">\n\t\t\t\t<h3 class=\"elementor-post__title\">\n\t\t\t<a href=\"https:\/\/winemission.hu\/?p=4203\" target=&quot;_blank&quot;>\n\t\t\t\tTal\u00e1lkozzunk a Budapest Borfesztiv\u00e1lon!\t\t\t<\/a>\n\t\t<\/h3>\n\t\t\t\t<div class=\"elementor-post__excerpt\">\n\t\t\t<p>Mi m\u00e1r itt vagyunk! Gyertek \u00e9s \u00e9rezz\u00e9tek j\u00f3l magatokat a<\/p>\n\t\t<\/div>\n\t\t\n\t\t<a class=\"elementor-post__read-more\" href=\"https:\/\/winemission.hu\/?p=4203\" aria-label=\"Read more about Tal\u00e1lkozzunk a Budapest Borfesztiv\u00e1lon!\" tabindex=\"-1\" target=\"_blank\">\n\t\t\tTov\u00e1bb\t\t<\/a>\n\n\t\t\t\t<\/div>\n\t\t\t\t\t<\/div>\n\t\t<\/article>\n\t\t\t\t<article class=\"elementor-post elementor-grid-item post-4212 post type-post status-publish format-standard has-post-thumbnail hentry category-hirek tag-web4\" role=\"listitem\">\n\t\t\t<div class=\"elementor-post__card\">\n\t\t\t\t<a class=\"elementor-post__thumbnail__link\" href=\"https:\/\/winemission.hu\/?p=4212\" tabindex=\"-1\" target=\"_blank\"><div class=\"elementor-post__thumbnail\"><img loading=\"lazy\" decoding=\"async\" width=\"1200\" height=\"800\" src=\"https:\/\/winemission.hu\/wp-content\/uploads\/2026\/03\/news-pic-04.jpg\" class=\"attachment-full size-full wp-image-4213\" alt=\"\" srcset=\"https:\/\/winemission.hu\/wp-content\/uploads\/2026\/03\/news-pic-04.jpg 1200w, https:\/\/winemission.hu\/wp-content\/uploads\/2026\/03\/news-pic-04-300x200.jpg 300w, https:\/\/winemission.hu\/wp-content\/uploads\/2026\/03\/news-pic-04-1024x683.jpg 1024w, https:\/\/winemission.hu\/wp-content\/uploads\/2026\/03\/news-pic-04-768x512.jpg 768w, https:\/\/winemission.hu\/wp-content\/uploads\/2026\/03\/news-pic-04-200x133.jpg 200w, https:\/\/winemission.hu\/wp-content\/uploads\/2026\/03\/news-pic-04-600x400.jpg 600w\" sizes=\"(max-width: 1200px) 100vw, 1200px\" \/><\/div><\/a>\n\t\t\t\t<div class=\"elementor-post__badge\">H\u00edrek<\/div>\n\t\t\t\t<div class=\"elementor-post__text\">\n\t\t\t\t<h3 class=\"elementor-post__title\">\n\t\t\t<a href=\"https:\/\/winemission.hu\/?p=4212\" target=&quot;_blank&quot;>\n\t\t\t\tMeg\u00fajult a WineMission!\t\t\t<\/a>\n\t\t<\/h3>\n\t\t\t\t<div class=\"elementor-post__excerpt\">\n\t\t\t<p>\u00d6r\u00f6mmel jelentj\u00fck, hogy az \u00faj log\u00f3 megjelen\u00e9s\u00e9t k\u00f6vet\u0151en a mai<\/p>\n\t\t<\/div>\n\t\t\n\t\t<a class=\"elementor-post__read-more\" href=\"https:\/\/winemission.hu\/?p=4212\" aria-label=\"Read more about Meg\u00fajult a WineMission!\" tabindex=\"-1\" target=\"_blank\">\n\t\t\tTov\u00e1bb\t\t<\/a>\n\n\t\t\t\t<\/div>\n\t\t\t\t\t<\/div>\n\t\t<\/article>\n\t\t\t\t<\/div>\n\t\t\n\t\t\t\t\t\t<\/div>\n\t\t\t\t<\/div>\n\t\t\t\t\t<\/div>\n\t\t<\/div>\n\t\t\t\t\t<\/div>\n\t\t<\/section>\n\t\t\t\t<\/div>\n\t\t","protected":false},"excerpt":{"rendered":"<p>Esem\u00e9nyeink\/h\u00edreink<\/p>\n","protected":false},"author":2,"featured_media":0,"parent":0,"menu_order":0,"comment_status":"closed","ping_status":"closed","template":"elementor_header_footer","meta":{"footnotes":""},"class_list":["post-3298","page","type-page","status-publish","hentry"],"yoast_head":"<!-- This site is optimized with the Yoast SEO Premium plugin v27.3 (Yoast SEO v27.4) - https:\/\/yoast.com\/product\/yoast-seo-premium-wordpress\/ -->\n<title>H\u00edrek \u00e9s Esem\u00e9nyek | Wine Mission<\/title>\n<meta name=\"description\" content=\"Olvassa el a Wine Mission legfrissebb h\u00edreit \u00e9s esem\u00e9nyeit! \u00c9rtes\u00fclj\u00f6n els\u0151k\u00e9nt az \u00faj borokr\u00f3l, k\u00f3stol\u00f3kr\u00f3l \u00e9s partner pinc\u00e9szeteinkr\u0151l.\" \/>\n<meta name=\"robots\" content=\"index, follow, max-snippet:-1, max-image-preview:large, max-video-preview:-1\" \/>\n<link rel=\"canonical\" href=\"https:\/\/winemission.hu\/?page_id=3298\" \/>\n<meta property=\"og:locale\" content=\"hu_HU\" \/>\n<meta property=\"og:type\" content=\"article\" \/>\n<meta property=\"og:title\" content=\"H\u00edrek\" \/>\n<meta property=\"og:description\" content=\"Olvassa el a Wine Mission legfrissebb h\u00edreit \u00e9s esem\u00e9nyeit! \u00c9rtes\u00fclj\u00f6n els\u0151k\u00e9nt az \u00faj borokr\u00f3l, k\u00f3stol\u00f3kr\u00f3l \u00e9s partner pinc\u00e9szeteinkr\u0151l.\" \/>\n<meta property=\"og:url\" content=\"https:\/\/winemission.hu\/?page_id=3298\" \/>\n<meta property=\"og:site_name\" content=\"Winemission\" \/>\n<meta property=\"article:publisher\" content=\"https:\/\/www.facebook.com\/winemission\" \/>\n<meta property=\"article:modified_time\" content=\"2026-04-18T11:48:44+00:00\" \/>\n<meta property=\"og:image\" content=\"https:\/\/winemission.hu\/wp-content\/uploads\/2026\/04\/Nevtelen-terv-6.png\" \/>\n\t<meta property=\"og:image:width\" content=\"1200\" \/>\n\t<meta property=\"og:image:height\" content=\"675\" \/>\n\t<meta property=\"og:image:type\" content=\"image\/png\" \/>\n<meta name=\"twitter:card\" content=\"summary_large_image\" \/>\n<meta name=\"twitter:label1\" content=\"Becs\u00fclt olvas\u00e1si id\u0151\" \/>\n\t<meta name=\"twitter:data1\" content=\"2 perc\" \/>\n<script type=\"application\/ld+json\" class=\"yoast-schema-graph\">{\"@context\":\"https:\\\/\\\/schema.org\",\"@graph\":[{\"@type\":\"WebPage\",\"@id\":\"https:\\\/\\\/winemission.hu\\\/?page_id=3298\",\"url\":\"https:\\\/\\\/winemission.hu\\\/?page_id=3298\",\"name\":\"H\u00edrek \u00e9s Esem\u00e9nyek | Wine Mission\",\"isPartOf\":{\"@id\":\"https:\\\/\\\/winemission.hu\\\/#website\"},\"datePublished\":\"2026-02-28T13:33:27+00:00\",\"dateModified\":\"2026-04-18T11:48:44+00:00\",\"description\":\"Olvassa el a Wine Mission legfrissebb h\u00edreit \u00e9s esem\u00e9nyeit! \u00c9rtes\u00fclj\u00f6n els\u0151k\u00e9nt az \u00faj borokr\u00f3l, k\u00f3stol\u00f3kr\u00f3l \u00e9s partner pinc\u00e9szeteinkr\u0151l.\",\"breadcrumb\":{\"@id\":\"https:\\\/\\\/winemission.hu\\\/?page_id=3298#breadcrumb\"},\"inLanguage\":\"hu\",\"potentialAction\":[{\"@type\":\"ReadAction\",\"target\":[\"https:\\\/\\\/winemission.hu\\\/?page_id=3298\"]}]},{\"@type\":\"BreadcrumbList\",\"@id\":\"https:\\\/\\\/winemission.hu\\\/?page_id=3298#breadcrumb\",\"itemListElement\":[{\"@type\":\"ListItem\",\"position\":1,\"name\":\"Kezd\u0151lap\",\"item\":\"https:\\\/\\\/winemission.hu\\\/\"},{\"@type\":\"ListItem\",\"position\":2,\"name\":\"H\u00edrek\"}]},{\"@type\":\"WebSite\",\"@id\":\"https:\\\/\\\/winemission.hu\\\/#website\",\"url\":\"https:\\\/\\\/winemission.hu\\\/\",\"name\":\"Winemission\",\"description\":\"Bor \u00e9s prosecco.\",\"publisher\":{\"@id\":\"https:\\\/\\\/winemission.hu\\\/#organization\"},\"alternateName\":\"winemission\",\"potentialAction\":[{\"@type\":\"SearchAction\",\"target\":{\"@type\":\"EntryPoint\",\"urlTemplate\":\"https:\\\/\\\/winemission.hu\\\/?s={search_term_string}\"},\"query-input\":{\"@type\":\"PropertyValueSpecification\",\"valueRequired\":true,\"valueName\":\"search_term_string\"}}],\"inLanguage\":\"hu\"},{\"@type\":\"Organization\",\"@id\":\"https:\\\/\\\/winemission.hu\\\/#organization\",\"name\":\"Winemission\",\"alternateName\":\"winemission\",\"url\":\"https:\\\/\\\/winemission.hu\\\/\",\"logo\":{\"@type\":\"ImageObject\",\"inLanguage\":\"hu\",\"@id\":\"https:\\\/\\\/winemission.hu\\\/#\\\/schema\\\/logo\\\/image\\\/\",\"url\":\"https:\\\/\\\/winemission.hu\\\/wp-content\\\/uploads\\\/2026\\\/02\\\/cropped-logo-wm-wihte.png\",\"contentUrl\":\"https:\\\/\\\/winemission.hu\\\/wp-content\\\/uploads\\\/2026\\\/02\\\/cropped-logo-wm-wihte.png\",\"width\":1000,\"height\":500,\"caption\":\"Winemission\"},\"image\":{\"@id\":\"https:\\\/\\\/winemission.hu\\\/#\\\/schema\\\/logo\\\/image\\\/\"},\"sameAs\":[\"https:\\\/\\\/www.facebook.com\\\/winemission\",\"https:\\\/\\\/www.instagram.com\\\/wine_mission_hungary\\\/\",\"https:\\\/\\\/share.google\\\/Zdes6LbYZOfgRQ8zX\"],\"description\":\"A Wine Mission Kft. min\u0151s\u00e9gi borok \u00e9s prosecc\u00f3k kis- \u00e9s nagykereskedelm\u00e9vel foglalkozik. Hazai k\u00e9zm\u0171ves \u00e9s pr\u00e9mium bor\u00e1szatok mellett olyan k\u00fcl\u00f6nleges, kiv\u00e1l\u00f3 \u00e1r-\u00e9rt\u00e9k ar\u00e1ny\u00fa francia, olasz \u00e9s spanyol borokat (mint p\u00e9ld\u00e1ul a neves olasz IL COLLE csal\u00e1di pinc\u00e9szet term\u00e9keit) is k\u00e9pvisel\u00fcnk \u00e9s forgalmazunk Magyarorsz\u00e1gon, amelyek igazi gy\u00f6ngyszemek az eur\u00f3pai borvil\u00e1gban.\",\"email\":\"info@winemission.hu\",\"telephone\":\"+36 30 300 3865\",\"legalName\":\"Wine Mission Kft\",\"numberOfEmployees\":{\"@type\":\"QuantitativeValue\",\"minValue\":\"1\",\"maxValue\":\"10\"}}]}<\/script>\n<!-- \/ Yoast SEO Premium plugin. -->","yoast_head_json":{"title":"H\u00edrek \u00e9s Esem\u00e9nyek | Wine Mission","description":"Olvassa el a Wine Mission legfrissebb h\u00edreit \u00e9s esem\u00e9nyeit! \u00c9rtes\u00fclj\u00f6n els\u0151k\u00e9nt az \u00faj borokr\u00f3l, k\u00f3stol\u00f3kr\u00f3l \u00e9s partner pinc\u00e9szeteinkr\u0151l.","robots":{"index":"index","follow":"follow","max-snippet":"max-snippet:-1","max-image-preview":"max-image-preview:large","max-video-preview":"max-video-preview:-1"},"canonical":"https:\/\/winemission.hu\/?page_id=3298","og_locale":"hu_HU","og_type":"article","og_title":"H\u00edrek","og_description":"Olvassa el a Wine Mission legfrissebb h\u00edreit \u00e9s esem\u00e9nyeit! \u00c9rtes\u00fclj\u00f6n els\u0151k\u00e9nt az \u00faj borokr\u00f3l, k\u00f3stol\u00f3kr\u00f3l \u00e9s partner pinc\u00e9szeteinkr\u0151l.","og_url":"https:\/\/winemission.hu\/?page_id=3298","og_site_name":"Winemission","article_publisher":"https:\/\/www.facebook.com\/winemission","article_modified_time":"2026-04-18T11:48:44+00:00","og_image":[{"width":1200,"height":675,"url":"https:\/\/winemission.hu\/wp-content\/uploads\/2026\/04\/Nevtelen-terv-6.png","type":"image\/png"}],"twitter_card":"summary_large_image","twitter_misc":{"Becs\u00fclt olvas\u00e1si id\u0151":"2 perc"},"schema":{"@context":"https:\/\/schema.org","@graph":[{"@type":"WebPage","@id":"https:\/\/winemission.hu\/?page_id=3298","url":"https:\/\/winemission.hu\/?page_id=3298","name":"H\u00edrek \u00e9s Esem\u00e9nyek | Wine Mission","isPartOf":{"@id":"https:\/\/winemission.hu\/#website"},"datePublished":"2026-02-28T13:33:27+00:00","dateModified":"2026-04-18T11:48:44+00:00","description":"Olvassa el a Wine Mission legfrissebb h\u00edreit \u00e9s esem\u00e9nyeit! \u00c9rtes\u00fclj\u00f6n els\u0151k\u00e9nt az \u00faj borokr\u00f3l, k\u00f3stol\u00f3kr\u00f3l \u00e9s partner pinc\u00e9szeteinkr\u0151l.","breadcrumb":{"@id":"https:\/\/winemission.hu\/?page_id=3298#breadcrumb"},"inLanguage":"hu","potentialAction":[{"@type":"ReadAction","target":["https:\/\/winemission.hu\/?page_id=3298"]}]},{"@type":"BreadcrumbList","@id":"https:\/\/winemission.hu\/?page_id=3298#breadcrumb","itemListElement":[{"@type":"ListItem","position":1,"name":"Kezd\u0151lap","item":"https:\/\/winemission.hu\/"},{"@type":"ListItem","position":2,"name":"H\u00edrek"}]},{"@type":"WebSite","@id":"https:\/\/winemission.hu\/#website","url":"https:\/\/winemission.hu\/","name":"Winemission","description":"Bor \u00e9s prosecco.","publisher":{"@id":"https:\/\/winemission.hu\/#organization"},"alternateName":"winemission","potentialAction":[{"@type":"SearchAction","target":{"@type":"EntryPoint","urlTemplate":"https:\/\/winemission.hu\/?s={search_term_string}"},"query-input":{"@type":"PropertyValueSpecification","valueRequired":true,"valueName":"search_term_string"}}],"inLanguage":"hu"},{"@type":"Organization","@id":"https:\/\/winemission.hu\/#organization","name":"Winemission","alternateName":"winemission","url":"https:\/\/winemission.hu\/","logo":{"@type":"ImageObject","inLanguage":"hu","@id":"https:\/\/winemission.hu\/#\/schema\/logo\/image\/","url":"https:\/\/winemission.hu\/wp-content\/uploads\/2026\/02\/cropped-logo-wm-wihte.png","contentUrl":"https:\/\/winemission.hu\/wp-content\/uploads\/2026\/02\/cropped-logo-wm-wihte.png","width":1000,"height":500,"caption":"Winemission"},"image":{"@id":"https:\/\/winemission.hu\/#\/schema\/logo\/image\/"},"sameAs":["https:\/\/www.facebook.com\/winemission","https:\/\/www.instagram.com\/wine_mission_hungary\/","https:\/\/share.google\/Zdes6LbYZOfgRQ8zX"],"description":"A Wine Mission Kft. min\u0151s\u00e9gi borok \u00e9s prosecc\u00f3k kis- \u00e9s nagykereskedelm\u00e9vel foglalkozik. Hazai k\u00e9zm\u0171ves \u00e9s pr\u00e9mium bor\u00e1szatok mellett olyan k\u00fcl\u00f6nleges, kiv\u00e1l\u00f3 \u00e1r-\u00e9rt\u00e9k ar\u00e1ny\u00fa francia, olasz \u00e9s spanyol borokat (mint p\u00e9ld\u00e1ul a neves olasz IL COLLE csal\u00e1di pinc\u00e9szet term\u00e9keit) is k\u00e9pvisel\u00fcnk \u00e9s forgalmazunk Magyarorsz\u00e1gon, amelyek igazi gy\u00f6ngyszemek az eur\u00f3pai borvil\u00e1gban.","email":"info@winemission.hu","telephone":"+36 30 300 3865","legalName":"Wine Mission Kft","numberOfEmployees":{"@type":"QuantitativeValue","minValue":"1","maxValue":"10"}}]}},"jetpack_sharing_enabled":true,"_links":{"self":[{"href":"https:\/\/winemission.hu\/index.php?rest_route=\/wp\/v2\/pages\/3298","targetHints":{"allow":["GET"]}}],"collection":[{"href":"https:\/\/winemission.hu\/index.php?rest_route=\/wp\/v2\/pages"}],"about":[{"href":"https:\/\/winemission.hu\/index.php?rest_route=\/wp\/v2\/types\/page"}],"author":[{"embeddable":true,"href":"https:\/\/winemission.hu\/index.php?rest_route=\/wp\/v2\/users\/2"}],"replies":[{"embeddable":true,"href":"https:\/\/winemission.hu\/index.php?rest_route=%2Fwp%2Fv2%2Fcomments&post=3298"}],"version-history":[{"count":44,"href":"https:\/\/winemission.hu\/index.php?rest_route=\/wp\/v2\/pages\/3298\/revisions"}],"predecessor-version":[{"id":4868,"href":"https:\/\/winemission.hu\/index.php?rest_route=\/wp\/v2\/pages\/3298\/revisions\/4868"}],"wp:attachment":[{"href":"https:\/\/winemission.hu\/index.php?rest_route=%2Fwp%2Fv2%2Fmedia&parent=3298"}],"curies":[{"name":"wp","href":"https:\/\/api.w.org\/{rel}","templated":true}]}}